 the units digit of z?
3
Let p(r) be the second derivative of -r**3 - r**2 + 2*r. Let k be p(-2). Suppose -3*x + k = -5. What is the units digit of x?
5
Let l = 611 + -402. What is the units digit of l?
9
Suppose -95 = -5*a + 2*x, 6*a - 2*a + 4*x = 104. Let o = 0 + 5. Suppose -o*l - a + 51 = 0. What is the units digit of l?
6
Suppose 2*z = -11 + 49. What is the units digit of z?
9
Let n be 4/(-18) - 248/18. Let q = 28 + n. What is the units digit of q?
4
Let f(z) = 2*z**2 + z + 3. What is the units digit of f(-4)?
1
What is the units digit of (5 + -3)/((-4)/(-42))?
1
Let d(g) = -g**3 + 6*g**2 + 8*g + 2. What is the units digit of d(7)?
9
Let z(i) = -i**2 - 9*i - 5. What is the units digit of z(-4)?
5
Let r(s) = 89*s**2 - 6*s - 3. What is the units digit of r(-2)?
5
Suppose 4*u = -3*n + 1, 0 = u + u - 3*n - 5. Let i(l) = 5*l**3 - 4*l**2 + l - 2*l**2 + 4*l**2. What is the units digit of i(u)?
4
Let d = -70 - -362. What is the units digit of d?
2
Let q = -1 - -1. Let n be 1/1 + 2 + q. Suppose 2*l - 4*j - 16 = -n*j, -2 = -l + 2*j. What is the units digit of l?
0
Let t(p) = -3*p**2 + 4*p**2 - 2 - 1. What is the tens digit of t(5)?
2
Let z be 6/(-18) + 40/(-6). Let u = 0 + z. Let k(y) = -y + 3. What is the units digit of k(u)?
0
Let f(u) = -u**2 + 8*u - 6. Let t be f(7). Let z(w) = w - w**2 + 4*w**2 + 0 + t. What is the units digit of z(-2)?
1
Let l = -4 + 4. What is the units digit of 13/(52/120) + l?
0
Suppose 3*b - b - 11 = 3*y, 5*b = 2*y + 55. Let a = b - -5. What is the tens digit of a?
1
What is the tens digit of (35/(-3) + 1)/(14/(-63))?
4
Let k be (-12)/(-4)*1/1. Suppose -5*x - k*h = -227, 38 = x + h - 9. What is the units digit of x?
3
Let j(t) = t**3 - t**2 - 3*t + 3. What is the tens digit of j(3)?
1
Let g be 6/((-1)/(6/9)). What is the units digit of ((-3)/4)/(1/g)?
3
Suppose 2*o + 0 = 2. What is the units digit of 11 + o - (-3)/(-1)?
9
Let q(o) = o - 2. Let i be q(9). Suppose 0 = -i*u + u + 126. What is the units digit of u?
1
Suppose 0*a - 4*a = -280. Let l be 1/(-3) + (-76)/(-12). Suppose 0 = l*h - h + 4*j - a, 4*j = h + 10. What is the units digit of h?
0
What is the units digit of 194/12 - (-1)/(-6)?
6
Let d = -20 + -14. Let m be ((-3)/2 + 1)*34. Let f = m - d. What is the units digit of f?
7
Suppose -2*j + 4*z = 3*z - 4, 2*j - 3*z - 4 = 0. Suppose -7 = x - j*x. What is the units digit of x?
7
Let o(p) = 3*p**3 + 12*p**2 - 3*p - 5. Let r(q) = 2*q**3 + 8*q**2 - 2*q - 3. Let l(y) = -5*o(y) + 8*r(y). What is the units digit of l(-4)?
5
Let o(b) = 3*b + 10. Let u = 5 + -2. Let v(y) = 3*y + 9. Let g(t) = u*o(t) - 4*v(t). What is the tens digit of g(-7)?
1
Suppose -6*b + 3*w - 15 = -2*b, 5*b + 3*w = 15. Let p(j) = -j**3 + j + 53. What is the tens digit of p(b)?
5
Let x be (7/((-21)/(-12)))/2. Let y = x - -4. What is the units digit of y?
6
Suppose 5*u = 4*o - 7, -2*o = -5*u + 4*u - 11. Suppose 0 = 4*v - 48 + o. What is the units digit of v?
0
Let u = 18 - -1. Suppose 0 = -5*w + 3*z + 27, z = -5*w + 2*w + u. Let m = 9 - w. What is the units digit of m?
3
What is the units digit of 868/6 + (-15)/((-225)/(-10))?
4
Suppose 5*g + 2*g = 483. What is the units digit of g?
9
Let k be (3/6)/((-1)/(-6)). Suppose 6*v - 2*v + k*n = 175, -5 = -n. What is the units digit of v?
0
Let f be -1 + 2 - (12 - 3). What is the tens digit of ((-4)/(-6))/(f/(-324))?
2
Let r(u) = 4*u**2 + 15*u + 21. What is the units digit of r(-7)?
2
Let t = -2 - -6. Suppose -4*v = -3*j + 107, 2*v = t*j - v - 131. What is the units digit of j?
9
Let w(x) = -207*x**3 + 2*x**2 - x - 2. Let i be w(-1). Suppose 5*k + i = 5*g + 53, -2*g = 5*k - 41. What is the tens digit of g?
2
Suppose 123 = 5*q + 4*s, 0 = 3*q + 4*s - 83 + 14. Let v = q - 14. What is the tens digit of v?
1
Let z(y) = -5*y + y + y. What is the units digit of z(-2)?
6
Let v be 2/(-4)*2/1. Let c = 13 + v. Let d = -5 + c. What is the units digit of d?
7
Let n(x) = -x - 2. Let q be n(-4). Suppose q*o = -o + 63. What is the tens digit of o?
2
What is the hundreds digit of (21/(-2))/((-33)/1276)?
4
Let l = 151 - 108. What is the units digit of l?
3
Suppose 0 = -z - z + 6. Suppose -s = z*s - 28. Suppose -1 = -4*r + s. What is the units digit of r?
2
Let h be (18/4)/(24/32). Suppose 7*p = 4*p + h, -100 = -3*r + 4*p. Suppose t = 0, 2*x - 4 = 4*t + r. What is the units digit of x?
0
Let u = -8 - -9. What is the units digit of u?
1
Suppose -5*s + 7 + 13 = 0. Suppose -u - 172 = 4*d, 38 = -d - 3*u + s*u. What is the units digit of d/(-5) - (-4)/(-10)?
8
Suppose -5*a - t + 12 = 0, 0 = a - 4*t + 2 - 17. Suppose 18 = j - 2*j + 4*o, -a*j = o - 11. What is the units digit of j?
2
Let y = -3 + 7. Suppose 85 = 4*x - 103. Suppose -x = -y*z - 19. What is the units digit of z?
7
Let p = 546 + -261. What is the tens digit of p?
8
What is the tens digit of (((-928)/12)/(-4))/((-2)/(-6))?
5
Let s(w) = 40*w**2 + w - 1. Let d(f) = -f**2 + 3*f + 5. Let a be d(4). What is the tens digit of s(a)?
4
Let p = -6 - -2. Let a(u) = u**3 + 5*u**2 + 5*u + 6. What is the units digit of a(p)?
2
Suppose -3*u - 4*k + 335 = 0, 13*k - 325 = -3*u + 14*k. What is the tens digit of u?
0
Let w = -449 + 763. What is the units digit of w?
4
Let l(t) = -3*t**3 - t**2 - 2*t - 2. Let a be l(-2). Suppose 5*d - 5*x - 7 = -a, -2*d - 2*x = 18. What is the units digit of (2/d)/((-1)/6)?
2
Let u(n) = -6*n + 7. What is the tens digit of u(-9)?
6
Suppose -4*g + 15 = -5. Suppose 35 = g*q - 3*w, -6 = -q + 2*w + 8. Suppose i + 3*o - 5 = 3, -i = q*o - 9. What is the units digit of i?
5
Suppose u - 17 = 5*x, -3*x = -5*u - 5*x + 139. Suppose 5*t - u = 8. What is the units digit of t?
7
Suppose 6 = 2*l + 4*q, 2*l + 0*l = -3*q + 6. Suppose 8*j - 5 = l*j + 3*d, -4*d = j - 24. What is the units digit of j?
4
Let f(d) = -d**2 + 5. Let a be f(0). Suppose -a*q + 17 = 4*n - 11, 0 = -2*q - 2*n + 12. What is the units digit of q?
4
Suppose -2*v - g + 3 = -12, 5*v = 5*g. Suppose -w + 3*a + 19 = 6, -3*w + v*a + 47 = 0. What is the units digit of w?
9
Suppose -5*i + 7 = 5*r - 63, -3*r = 4*i - 54. What is the tens digit of i?
1
Let f(j) = -j**3 + 13*j**2 + 16*j + 5. What is the units digit of f(14)?
3
Suppose -2*h - h - 24 = 0. Let k be 8/(-44) - (-141)/(-11). Let j = h - k. What is the units digit of j?
5
Suppose -x + 14 = -14. What is the tens digit of x?
2
Let c(m) = 21*m - 22. What is the units digit of c(7)?
5
Let c(p) = -p**3 - 10*p**2 - 5*p - 2. Let m be c(-10). Suppose -20 - 12 = -2*s + x, -3*x = 2*s - m. Suppose -s = -k - 4. What is the units digit of k?
4
Suppose -g = -3 - 1. Let y(d) = g*d**2 + d**2 - 3*d**2 - d**2. What is the units digit of y(2)?
4
Let k = 4 + 11. What is the tens digit of k?
1
Let z = 157 + -111. What is the units digit of z?
6
Let v(f) = f**2 + 11*f + 15. What is the tens digit of v(-13)?
4
Let j = 9 - 4. What is the units digit of j/(-1)*(-32)/10?
6
Suppose -17 + 5 = -4*l. Let s be 0/(-3)*1 - -14. Suppose -a = -l*a + s. What is the units digit of a?
7
Let q be ((-18)/3)/(24/(-400)). Suppose 2*m - 2*j - 88 = 0, -3*m = -0*m + 5*j - q. What is the units digit of m?
0
Suppose 0 = -4*l + 3*l - 7. What is the units digit of (-18)/(-63) + (-68)/l?
0
Let y(v) = -5*v**3 - 4*v**2 - 2*v + 3. Let d(m) = -3*m**3 - 3*m**2 - m + 2. Let c(j) = -8*d(j) + 5*y(j). What is the units digit of c(2)?
3
Suppose 0 = -o - 2*f + 4 + 5, o = -3*f + 6. What is the units digit of o?
5
Let z be (-4)/((-12)/15) - 1. Let x(r) = 0 + 7*r**2 - 5*r**2 - 1 - 5*r. What is the units digit of x(z)?
1
Suppose w = -0 - 5. Let a = 0 - w. What is the units digit of (a - 1)*1/4?
1
Let d(j) = 8*j - 2 - 4 + 1 - 3*j. Suppose 0 = n - 7 + 3. What is the units digit of d(n)?
5
Suppose -2*c + 15 = 3*c. Let f(t) = t**3 - 3*t**2 + 3*t - 1. Let p be f(c). Suppose 4*x + 12 = p*x. What is the units digit of x?
3
Let w(l) = -l**2 - 9*l + 14. Suppose -j - 2*j = 30. What is the units digit of w(j)?
4
Let d = 39 - 14. What is the units digit of d?
5
Suppose -c = -3*c + 6. Suppose -10 = c*g - 76. What is the units digit of g?
2
Suppose -4*w + 0*w = 0. Suppose f + 2*f - 42 = w. What is the units digit of f?
4
Suppose -25 = 2*z + 3*m - 173, 5*z - 391 = 3*m. What is the tens digit of z?
7
Let p = -16 - -14. What is the units digit of (-2)/(4*p/52)?
3
Let a(c) = 3*c - 7. Let t be a(7). Let i = t + -9. Suppose -d = -1 - i. What 